{"id":220,"date":"2020-07-02T07:13:08","date_gmt":"2020-07-02T07:13:08","guid":{"rendered":"https:\/\/aichinger-haustechnik.at\/?page_id=220"},"modified":"2021-07-28T08:16:47","modified_gmt":"2021-07-28T08:16:47","slug":"lueftung","status":"publish","type":"page","link":"https:\/\/aichinger-haustechnik.at\/index.php\/lueftung\/","title":{"rendered":"Wohnrauml\u00fcftung"},"content":{"rendered":"\t\t<div data-elementor-type=\"wp-page\" data-elementor-id=\"220\" class=\"elementor elementor-220\" data-elementor-post-type=\"page\">\n\t\t\t\t\t\t<section class=\"elementor-section elementor-top-section elementor-element elementor-element-7ed1cc8 elementor-section-stretched elementor-section-full_width elementor-section-height-min-height elementor-section-items-stretch elementor-section-height-default\" data-id=\"7ed1cc8\" data-element_type=\"section\" data-settings=\"{&quot;stretch_section&quot;:&quot;section-stretched&quot;}\">\n\t\t\t\t\t\t<div class=\"elementor-container elementor-column-gap-no\">\n\t\t\t\t\t<div class=\"elementor-column elementor-col-100 elementor-top-column elementor-element elementor-element-bf936ae\" data-id=\"bf936ae\" data-element_type=\"column\">\n\t\t\t<div class=\"elementor-widget-wrap elementor-element-populated\">\n\t\t\t\t\t\t<div class=\"elementor-element elementor-element-f76bd26 elementor--h-position-center elementor--v-position-middle elementor-arrows-position-inside elementor-pagination-position-inside elementor-widget elementor-widget-slides\" data-id=\"f76bd26\" data-element_type=\"widget\" data-settings=\"{&quot;navigation&quot;:&quot;both&quot;,&quot;autoplay&quot;:&quot;yes&quot;,&quot;pause_on_hover&quot;:&quot;yes&quot;,&quot;pause_on_interaction&quot;:&quot;yes&quot;,&quot;autoplay_speed&quot;:5000,&quot;infinite&quot;:&quot;yes&quot;,&quot;transition&quot;:&quot;slide&quot;,&quot;transition_speed&quot;:500}\" data-widget_type=\"slides.default\">\n\t\t\t\t<div class=\"elementor-widget-container\">\n\t\t\t\t\t\t\t\t\t<div class=\"elementor-swiper\">\n\t\t\t\t\t<div class=\"elementor-slides-wrapper elementor-main-swiper swiper\" role=\"region\" aria-roledescription=\"carousel\" aria-label=\"Slider\" dir=\"ltr\" data-animation=\"fadeInUp\">\n\t\t\t\t<div class=\"swiper-wrapper elementor-slides\">\n\t\t\t\t\t\t\t\t\t\t<div class=\"elementor-repeater-item-b1c195f swiper-slide\" role=\"group\" aria-roledescription=\"slide\"><div class=\"swiper-slide-bg elementor-ken-burns elementor-ken-burns--in\" role=\"img\"><\/div><div class=\"elementor-background-overlay\"><\/div><div class=\"swiper-slide-inner\" ><div class=\"swiper-slide-contents\"><div class=\"elementor-slide-heading\">Wohnrauml\u00fcftung<\/div><div class=\"elementor-slide-description\">Sorgen Sie f\u00fcr perfekte Luftqualit\u00e4t!<\/div><\/div><\/div><\/div>\t\t\t\t<\/div>\n\t\t\t\t\t\t\t<\/div>\n\t\t\t\t<\/div>\n\t\t\t\t\t\t\t\t<\/div>\n\t\t\t\t<\/div>\n\t\t\t\t\t<\/div>\n\t\t<\/div>\n\t\t\t\t\t<\/div>\n\t\t<\/section>\n\t\t\t\t<section class=\"elementor-section elementor-top-section elementor-element elementor-element-25de430 elementor-section-boxed elementor-section-height-default elementor-section-height-default\" data-id=\"25de430\" data-element_type=\"section\">\n\t\t\t\t\t\t<div class=\"elementor-container elementor-column-gap-default\">\n\t\t\t\t\t<div class=\"elementor-column elementor-col-100 elementor-top-column elementor-element elementor-element-4affe49\" data-id=\"4affe49\" data-element_type=\"column\">\n\t\t\t<div class=\"elementor-widget-wrap elementor-element-populated\">\n\t\t\t\t\t\t<div class=\"elementor-element elementor-element-2992408 elementor-widget elementor-widget-spacer\" data-id=\"2992408\" data-element_type=\"widget\" data-widget_type=\"spacer.default\">\n\t\t\t\t<div class=\"elementor-widget-container\">\n\t\t\t\t\t\t\t<div class=\"elementor-spacer\">\n\t\t\t<div class=\"elementor-spacer-inner\"><\/div>\n\t\t<\/div>\n\t\t\t\t\t\t<\/div>\n\t\t\t\t<\/div>\n\t\t\t\t\t<\/div>\n\t\t<\/div>\n\t\t\t\t\t<\/div>\n\t\t<\/section>\n\t\t\t\t<section class=\"elementor-section elementor-top-section elementor-element elementor-element-113164e elementor-section-boxed elementor-section-height-default elementor-section-height-default\" data-id=\"113164e\" data-element_type=\"section\">\n\t\t\t\t\t\t<div class=\"elementor-container elementor-column-gap-default\">\n\t\t\t\t\t<div class=\"elementor-column elementor-col-100 elementor-top-column elementor-element elementor-element-ae77a94\" data-id=\"ae77a94\" data-element_type=\"column\">\n\t\t\t<div class=\"elementor-widget-wrap elementor-element-populated\">\n\t\t\t\t\t\t<div class=\"elementor-element elementor-element-26ef697 elementor-widget elementor-widget-heading\" data-id=\"26ef697\" data-element_type=\"widget\" data-widget_type=\"heading.default\">\n\t\t\t\t<div class=\"elementor-widget-container\">\n\t\t\t\t\t<h1 class=\"elementor-heading-title elementor-size-default\">WOHNRAUML\u00dcFTUNG<\/h1>\t\t\t\t<\/div>\n\t\t\t\t<\/div>\n\t\t\t\t\t<\/div>\n\t\t<\/div>\n\t\t\t\t\t<\/div>\n\t\t<\/section>\n\t\t\t\t<section class=\"elementor-section elementor-top-section elementor-element elementor-element-22b459c elementor-section-boxed elementor-section-height-default elementor-section-height-default\" data-id=\"22b459c\" data-element_type=\"section\">\n\t\t\t\t\t\t<div class=\"elementor-container elementor-column-gap-default\">\n\t\t\t\t\t<div class=\"elementor-column elementor-col-100 elementor-top-column elementor-element elementor-element-01b5dfa\" data-id=\"01b5dfa\" data-element_type=\"column\">\n\t\t\t<div class=\"elementor-widget-wrap elementor-element-populated\">\n\t\t\t\t\t\t<div class=\"elementor-element elementor-element-04194f6 elementor-widget elementor-widget-text-editor\" data-id=\"04194f6\" data-element_type=\"widget\" data-widget_type=\"text-editor.default\">\n\t\t\t\t<div class=\"elementor-widget-container\">\n\t\t\t\t\t\t\t\t\t<p style=\"text-align: center;\">Wir Sind Ihr Spezialist f\u00fcr Wohnrauml\u00fcftungen in Ober\u00f6sterreich!<\/p>\t\t\t\t\t\t\t\t<\/div>\n\t\t\t\t<\/div>\n\t\t\t\t\t<\/div>\n\t\t<\/div>\n\t\t\t\t\t<\/div>\n\t\t<\/section>\n\t\t\t\t<section class=\"elementor-section elementor-top-section elementor-element elementor-element-4a4c3c5 elementor-section-boxed elementor-section-height-default elementor-section-height-default\" data-id=\"4a4c3c5\" data-element_type=\"section\">\n\t\t\t\t\t\t<div class=\"elementor-container elementor-column-gap-default\">\n\t\t\t\t\t<div class=\"elementor-column elementor-col-100 elementor-top-column elementor-element elementor-element-cb91b1f\" data-id=\"cb91b1f\" data-element_type=\"column\">\n\t\t\t<div class=\"elementor-widget-wrap elementor-element-populated\">\n\t\t\t\t\t\t<div class=\"elementor-element elementor-element-87e7600 elementor-widget elementor-widget-text-editor\" data-id=\"87e7600\" data-element_type=\"widget\" data-widget_type=\"text-editor.default\">\n\t\t\t\t<div class=\"elementor-widget-container\">\n\t\t\t\t\t\t\t\t\t<p>Luft ist unser wichtigstes Lebensmittel. W\u00fcrden sie schmutziges Wasser trinken? Verdorbene Lebensmittel essen? NEIN! Warum dann unn\u00f6tigerweise verbrauchte Luft einatmen? Mit den Vaillant Komfortl\u00fcftungen ist bestimmt das passende f\u00fcr Sie dabei.<\/p>\t\t\t\t\t\t\t\t<\/div>\n\t\t\t\t<\/div>\n\t\t\t\t\t<\/div>\n\t\t<\/div>\n\t\t\t\t\t<\/div>\n\t\t<\/section>\n\t\t\t\t<section class=\"elementor-section elementor-top-section elementor-element elementor-element-ef35e60 elementor-section-boxed elementor-section-height-default elementor-section-height-default\" data-id=\"ef35e60\" data-element_type=\"section\">\n\t\t\t\t\t\t<div class=\"elementor-container elementor-column-gap-default\">\n\t\t\t\t\t<div class=\"elementor-column elementor-col-100 elementor-top-column elementor-element elementor-element-27f3ab0\" data-id=\"27f3ab0\" data-element_type=\"column\">\n\t\t\t<div class=\"elementor-widget-wrap elementor-element-populated\">\n\t\t\t\t\t\t<div class=\"elementor-element elementor-element-abcf4cc elementor-widget elementor-widget-spacer\" data-id=\"abcf4cc\" data-element_type=\"widget\" data-widget_type=\"spacer.default\">\n\t\t\t\t<div class=\"elementor-widget-container\">\n\t\t\t\t\t\t\t<div class=\"elementor-spacer\">\n\t\t\t<div class=\"elementor-spacer-inner\"><\/div>\n\t\t<\/div>\n\t\t\t\t\t\t<\/div>\n\t\t\t\t<\/div>\n\t\t\t\t\t<\/div>\n\t\t<\/div>\n\t\t\t\t\t<\/div>\n\t\t<\/section>\n\t\t\t\t<section class=\"elementor-section elementor-top-section elementor-element elementor-element-e39cac9 elementor-section-boxed elementor-section-height-default elementor-section-height-default\" data-id=\"e39cac9\" data-element_type=\"section\">\n\t\t\t\t\t\t<div class=\"elementor-container elementor-column-gap-default\">\n\t\t\t\t\t<div class=\"elementor-column elementor-col-50 elementor-top-column elementor-element elementor-element-0d93adc\" data-id=\"0d93adc\" data-element_type=\"column\">\n\t\t\t<div class=\"elementor-widget-wrap elementor-element-populated\">\n\t\t\t\t\t\t<div class=\"elementor-element elementor-element-1da16a1 elementor-widget elementor-widget-text-editor\" data-id=\"1da16a1\" data-element_type=\"widget\" data-widget_type=\"text-editor.default\">\n\t\t\t\t<div class=\"elementor-widget-container\">\n\t\t\t\t\t\t\t\t\t<h2>recoVAIR VAR \/ 4E<\/h2><h3>L\u00fcftungsger\u00e4te mit Enthalpie-W\u00e4rmetauscher<\/h3><div><p>\u00a0<\/p><ul data-index-field=\"text\"><li data-index-fields=\"meta_product_usps\">Kontrollierte Wohnrauml\u00fcftung mit W\u00e4rmer\u00fcckgewinnung<\/li><li data-index-fields=\"meta_product_usps\">Mit dem Enthalpie-W\u00e4rmetauscher gewinnt das Agua-Care plus System neben W\u00e4rme bei Bedarf auch Feuchte aus der Abluft zur\u00fcck<\/li><li data-index-fields=\"meta_product_usps\">Zuschaltbarer modulierender Bypass f\u00fcr den Sommerbetrieb<\/li><li data-index-fields=\"meta_product_usps\">260 bzw. 360 m\u00b3 Luftdurchsatz pro Stunde f\u00fcr Wohnfl\u00e4chen bis zu 190 bzw. 290 m\u00b2<\/li><li data-index-fields=\"meta_product_usps\">Innovatives Zu-\/Abluftsystem f\u00fcr kaum wahrnehmbaren Betrieb und h\u00f6chsten Wohnkomfort<\/li><\/ul><\/div>\t\t\t\t\t\t\t\t<\/div>\n\t\t\t\t<\/div>\n\t\t\t\t\t<\/div>\n\t\t<\/div>\n\t\t\t\t<div class=\"elementor-column elementor-col-50 elementor-top-column elementor-element elementor-element-3af49be\" data-id=\"3af49be\" data-element_type=\"column\">\n\t\t\t<div class=\"elementor-widget-wrap elementor-element-populated\">\n\t\t\t\t\t\t<div class=\"elementor-element elementor-element-ec4d203 elementor-widget elementor-widget-image\" data-id=\"ec4d203\" data-element_type=\"widget\" data-widget_type=\"image.default\">\n\t\t\t\t<div class=\"elementor-widget-container\">\n\t\t\t\t\t\t\t\t\t\t\t\t\t\t\t<img fetchpriority=\"high\" decoding=\"async\" width=\"868\" height=\"1024\" src=\"https:\/\/aichinger-haustechnik.at\/wp-content\/uploads\/2020\/06\/recovair-1-868x1024.jpg\" class=\"attachment-large size-large wp-image-208\" alt=\"recoVAIR Wandger\u00e4t in der Wohnumgebung\" srcset=\"https:\/\/aichinger-haustechnik.at\/wp-content\/uploads\/2020\/06\/recovair-1-868x1024.jpg 868w, https:\/\/aichinger-haustechnik.at\/wp-content\/uploads\/2020\/06\/recovair-1-600x708.jpg 600w, https:\/\/aichinger-haustechnik.at\/wp-content\/uploads\/2020\/06\/recovair-1-254x300.jpg 254w, https:\/\/aichinger-haustechnik.at\/wp-content\/uploads\/2020\/06\/recovair-1-768x906.jpg 768w, https:\/\/aichinger-haustechnik.at\/wp-content\/uploads\/2020\/06\/recovair-1-830x979.jpg 830w, https:\/\/aichinger-haustechnik.at\/wp-content\/uploads\/2020\/06\/recovair-1-230x271.jpg 230w, https:\/\/aichinger-haustechnik.at\/wp-content\/uploads\/2020\/06\/recovair-1-350x413.jpg 350w, https:\/\/aichinger-haustechnik.at\/wp-content\/uploads\/2020\/06\/recovair-1-480x566.jpg 480w, https:\/\/aichinger-haustechnik.at\/wp-content\/uploads\/2020\/06\/recovair-1.jpg 1140w\" sizes=\"(max-width: 868px) 100vw, 868px\" \/>\t\t\t\t\t\t\t\t\t\t\t\t\t\t\t<\/div>\n\t\t\t\t<\/div>\n\t\t\t\t\t<\/div>\n\t\t<\/div>\n\t\t\t\t\t<\/div>\n\t\t<\/section>\n\t\t\t\t<section class=\"elementor-section elementor-top-section elementor-element elementor-element-63f582e elementor-section-boxed elementor-section-height-default elementor-section-height-default\" data-id=\"63f582e\" data-element_type=\"section\">\n\t\t\t\t\t\t<div class=\"elementor-container elementor-column-gap-default\">\n\t\t\t\t\t<div class=\"elementor-column elementor-col-50 elementor-top-column elementor-element elementor-element-e9f49f5\" data-id=\"e9f49f5\" data-element_type=\"column\">\n\t\t\t<div class=\"elementor-widget-wrap elementor-element-populated\">\n\t\t\t\t\t\t<div class=\"elementor-element elementor-element-1adef49 elementor-widget elementor-widget-text-editor\" data-id=\"1adef49\" data-element_type=\"widget\" data-widget_type=\"text-editor.default\">\n\t\t\t\t<div class=\"elementor-widget-container\">\n\t\t\t\t\t\t\t\t\t<h2>recoVAIR VAR 150<\/h2><h3>L\u00fcftungsger\u00e4t f\u00fcr Deckenmontage<\/h3><ul><li>Kontrollierte Wohnrauml\u00fcftung mit W\u00e4rmer\u00fcckgewinnung<\/li><li>Kreuzgegenstrom-W\u00e4rmetauscher System Agua-Care<\/li><li>Bypass f\u00fcr den Sommerbetrieb beim Deckenger\u00e4t als Zubeh\u00f6r nachr\u00fcstbar 150 m\u00b3 Luftdurchsatz<\/li><li>Innovatives Zu-\/Abluftsystem f\u00fcr kaum wahrnehmbaren Betrieb und h\u00f6chsten Wohnkomfort<\/li><\/ul><h3>\u00a0<\/h3><div>\u00a0<\/div>\t\t\t\t\t\t\t\t<\/div>\n\t\t\t\t<\/div>\n\t\t\t\t\t<\/div>\n\t\t<\/div>\n\t\t\t\t<div class=\"elementor-column elementor-col-50 elementor-top-column elementor-element elementor-element-39edfa9\" data-id=\"39edfa9\" data-element_type=\"column\">\n\t\t\t<div class=\"elementor-widget-wrap elementor-element-populated\">\n\t\t\t\t\t\t<div class=\"elementor-element elementor-element-ccb3a35 elementor-widget elementor-widget-image\" data-id=\"ccb3a35\" data-element_type=\"widget\" data-widget_type=\"image.default\">\n\t\t\t\t<div class=\"elementor-widget-container\">\n\t\t\t\t\t\t\t\t\t\t\t\t\t\t\t<img decoding=\"async\" src=\"https:\/\/aichinger-haustechnik.at\/wp-content\/uploads\/elementor\/thumbs\/vaillant-recoVAIR-qoyg9uky86zjb0t4337dp3z67d6548tqcv1mztcv68.png\" title=\"vaillant recoVAIR wohnrauml\u00fcftung\" alt=\"vaillant recoVAIR wohnrauml\u00fcftung\" class=\"elementor-animation-grow\" loading=\"lazy\" \/>\t\t\t\t\t\t\t\t\t\t\t\t\t\t\t<\/div>\n\t\t\t\t<\/div>\n\t\t\t\t\t<\/div>\n\t\t<\/div>\n\t\t\t\t\t<\/div>\n\t\t<\/section>\n\t\t\t\t<section class=\"elementor-section elementor-top-section elementor-element elementor-element-bf187bc elementor-section-boxed elementor-section-height-default elementor-section-height-default\" data-id=\"bf187bc\" data-element_type=\"section\">\n\t\t\t\t\t\t<div class=\"elementor-container elementor-column-gap-default\">\n\t\t\t\t\t<div class=\"elementor-column elementor-col-100 elementor-top-column elementor-element elementor-element-764b118\" data-id=\"764b118\" data-element_type=\"column\">\n\t\t\t<div class=\"elementor-widget-wrap elementor-element-populated\">\n\t\t\t\t\t\t<div class=\"elementor-element elementor-element-0f34098 elementor-align-center elementor-widget elementor-widget-button\" data-id=\"0f34098\" data-element_type=\"widget\" data-widget_type=\"button.default\">\n\t\t\t\t<div class=\"elementor-widget-container\">\n\t\t\t\t\t\t\t\t\t<div class=\"elementor-button-wrapper\">\n\t\t\t\t\t<a class=\"elementor-button elementor-button-link elementor-size-md elementor-animation-grow\" href=\"https:\/\/www.aichinger-haustechnik.at\/index.php\/kontakt\">\n\t\t\t\t\t\t<span class=\"elementor-button-content-wrapper\">\n\t\t\t\t\t\t\t\t\t<span class=\"elementor-button-text\">Beraten lassen<\/span>\n\t\t\t\t\t<\/span>\n\t\t\t\t\t<\/a>\n\t\t\t\t<\/div>\n\t\t\t\t\t\t\t\t<\/div>\n\t\t\t\t<\/div>\n\t\t\t\t\t<\/div>\n\t\t<\/div>\n\t\t\t\t\t<\/div>\n\t\t<\/section>\n\t\t\t\t<\/div>\n\t\t","protected":false},"excerpt":{"rendered":"<p>Wohnrauml\u00fcftungSorgen Sie f\u00fcr perfekte Luftqualit\u00e4t! WOHNRAUML\u00dcFTUNG Wir Sind Ihr Spezialist f\u00fcr Wohnrauml\u00fcftungen in Ober\u00f6sterreich! Luft ist unser wichtigstes Lebensmittel. W\u00fcrden sie schmutziges [&hellip;]<\/p>\n","protected":false},"author":2,"featured_media":0,"parent":0,"menu_order":0,"comment_status":"closed","ping_status":"closed","template":"elementor_header_footer","meta":{"footnotes":""},"class_list":["post-220","page","type-page","status-publish","hentry"],"yoast_head":"<!-- This site is optimized with the Yoast SEO Premium plugin v24.7 (Yoast SEO v24.7) - https:\/\/yoast.com\/wordpress\/plugins\/seo\/ -->\n<title>Wohnrauml\u00fcftung in Ober\u00f6sterreich | Aichinger Haustechnik<\/title>\n<meta name=\"description\" content=\"Sorgen Sie f\u00fcr perfekte Luftqualit\u00e4t, mit einer Wohnrauml\u00fcftung von Vaillant! Wir sind Ihr Spezialist f\u00fcr Wohnrauml\u00fcftungen in Ober\u00f6sterreich.\" \/>\n<meta name=\"robots\" content=\"index, follow, max-snippet:-1, max-image-preview:large, max-video-preview:-1\" \/>\n<link rel=\"canonical\" href=\"https:\/\/aichinger-haustechnik.at\/index.php\/lueftung\/\" \/>\n<meta property=\"og:locale\" content=\"de_DE\" \/>\n<meta property=\"og:type\" content=\"article\" \/>\n<meta property=\"og:title\" content=\"Wohnrauml\u00fcftung\" \/>\n<meta property=\"og:description\" content=\"Sorgen Sie f\u00fcr perfekte Luftqualit\u00e4t, mit einer Wohnrauml\u00fcftung von Vaillant! Wir sind Ihr Spezialist f\u00fcr Wohnrauml\u00fcftungen in Ober\u00f6sterreich.\" \/>\n<meta property=\"og:url\" content=\"https:\/\/aichinger-haustechnik.at\/index.php\/lueftung\/\" \/>\n<meta property=\"og:site_name\" content=\"Aichinger Haustechnik\" \/>\n<meta property=\"article:modified_time\" content=\"2021-07-28T08:16:47+00:00\" \/>\n<meta property=\"og:image\" content=\"https:\/\/aichinger-haustechnik.at\/wp-content\/uploads\/2020\/06\/recovair-1-868x1024.jpg\" \/>\n<meta name=\"twitter:card\" content=\"summary_large_image\" \/>\n<meta name=\"twitter:label1\" content=\"Gesch\u00e4tzte Lesezeit\" \/>\n\t<meta name=\"twitter:data1\" content=\"1\u00a0Minute\" \/>\n<script type=\"application\/ld+json\" class=\"yoast-schema-graph\">{\"@context\":\"https:\/\/schema.org\",\"@graph\":[{\"@type\":\"WebPage\",\"@id\":\"https:\/\/aichinger-haustechnik.at\/index.php\/lueftung\/\",\"url\":\"https:\/\/aichinger-haustechnik.at\/index.php\/lueftung\/\",\"name\":\"Wohnrauml\u00fcftung in Ober\u00f6sterreich | Aichinger Haustechnik\",\"isPartOf\":{\"@id\":\"https:\/\/aichinger-haustechnik.at\/#website\"},\"primaryImageOfPage\":{\"@id\":\"https:\/\/aichinger-haustechnik.at\/index.php\/lueftung\/#primaryimage\"},\"image\":{\"@id\":\"https:\/\/aichinger-haustechnik.at\/index.php\/lueftung\/#primaryimage\"},\"thumbnailUrl\":\"https:\/\/aichinger-haustechnik.at\/wp-content\/uploads\/2020\/06\/recovair-1-868x1024.jpg\",\"datePublished\":\"2020-07-02T07:13:08+00:00\",\"dateModified\":\"2021-07-28T08:16:47+00:00\",\"description\":\"Sorgen Sie f\u00fcr perfekte Luftqualit\u00e4t, mit einer Wohnrauml\u00fcftung von Vaillant! Wir sind Ihr Spezialist f\u00fcr Wohnrauml\u00fcftungen in Ober\u00f6sterreich.\",\"breadcrumb\":{\"@id\":\"https:\/\/aichinger-haustechnik.at\/index.php\/lueftung\/#breadcrumb\"},\"inLanguage\":\"de\",\"potentialAction\":[{\"@type\":\"ReadAction\",\"target\":[\"https:\/\/aichinger-haustechnik.at\/index.php\/lueftung\/\"]}]},{\"@type\":\"ImageObject\",\"inLanguage\":\"de\",\"@id\":\"https:\/\/aichinger-haustechnik.at\/index.php\/lueftung\/#primaryimage\",\"url\":\"https:\/\/aichinger-haustechnik.at\/wp-content\/uploads\/2020\/06\/recovair-1.jpg\",\"contentUrl\":\"https:\/\/aichinger-haustechnik.at\/wp-content\/uploads\/2020\/06\/recovair-1.jpg\",\"width\":1140,\"height\":1345,\"caption\":\"recoVAIR Wandger\u00e4t in der Wohnumgebung\"},{\"@type\":\"BreadcrumbList\",\"@id\":\"https:\/\/aichinger-haustechnik.at\/index.php\/lueftung\/#breadcrumb\",\"itemListElement\":[{\"@type\":\"ListItem\",\"position\":1,\"name\":\"Home\",\"item\":\"https:\/\/aichinger-haustechnik.at\/\"},{\"@type\":\"ListItem\",\"position\":2,\"name\":\"Wohnrauml\u00fcftung\"}]},{\"@type\":\"WebSite\",\"@id\":\"https:\/\/aichinger-haustechnik.at\/#website\",\"url\":\"https:\/\/aichinger-haustechnik.at\/\",\"name\":\"Aichinger Haustechnik\",\"description\":\"Installateur Kopfing im Innkreis\",\"potentialAction\":[{\"@type\":\"SearchAction\",\"target\":{\"@type\":\"EntryPoint\",\"urlTemplate\":\"https:\/\/aichinger-haustechnik.at\/?s={search_term_string}\"},\"query-input\":{\"@type\":\"PropertyValueSpecification\",\"valueRequired\":true,\"valueName\":\"search_term_string\"}}],\"inLanguage\":\"de\"}]}<\/script>\n<!-- \/ Yoast SEO Premium plugin. -->","yoast_head_json":{"title":"Wohnrauml\u00fcftung in Ober\u00f6sterreich | Aichinger Haustechnik","description":"Sorgen Sie f\u00fcr perfekte Luftqualit\u00e4t, mit einer Wohnrauml\u00fcftung von Vaillant! Wir sind Ihr Spezialist f\u00fcr Wohnrauml\u00fcftungen in Ober\u00f6sterreich.","robots":{"index":"index","follow":"follow","max-snippet":"max-snippet:-1","max-image-preview":"max-image-preview:large","max-video-preview":"max-video-preview:-1"},"canonical":"https:\/\/aichinger-haustechnik.at\/index.php\/lueftung\/","og_locale":"de_DE","og_type":"article","og_title":"Wohnrauml\u00fcftung","og_description":"Sorgen Sie f\u00fcr perfekte Luftqualit\u00e4t, mit einer Wohnrauml\u00fcftung von Vaillant! Wir sind Ihr Spezialist f\u00fcr Wohnrauml\u00fcftungen in Ober\u00f6sterreich.","og_url":"https:\/\/aichinger-haustechnik.at\/index.php\/lueftung\/","og_site_name":"Aichinger Haustechnik","article_modified_time":"2021-07-28T08:16:47+00:00","og_image":[{"url":"https:\/\/aichinger-haustechnik.at\/wp-content\/uploads\/2020\/06\/recovair-1-868x1024.jpg","type":"","width":"","height":""}],"twitter_card":"summary_large_image","twitter_misc":{"Gesch\u00e4tzte Lesezeit":"1\u00a0Minute"},"schema":{"@context":"https:\/\/schema.org","@graph":[{"@type":"WebPage","@id":"https:\/\/aichinger-haustechnik.at\/index.php\/lueftung\/","url":"https:\/\/aichinger-haustechnik.at\/index.php\/lueftung\/","name":"Wohnrauml\u00fcftung in Ober\u00f6sterreich | Aichinger Haustechnik","isPartOf":{"@id":"https:\/\/aichinger-haustechnik.at\/#website"},"primaryImageOfPage":{"@id":"https:\/\/aichinger-haustechnik.at\/index.php\/lueftung\/#primaryimage"},"image":{"@id":"https:\/\/aichinger-haustechnik.at\/index.php\/lueftung\/#primaryimage"},"thumbnailUrl":"https:\/\/aichinger-haustechnik.at\/wp-content\/uploads\/2020\/06\/recovair-1-868x1024.jpg","datePublished":"2020-07-02T07:13:08+00:00","dateModified":"2021-07-28T08:16:47+00:00","description":"Sorgen Sie f\u00fcr perfekte Luftqualit\u00e4t, mit einer Wohnrauml\u00fcftung von Vaillant! Wir sind Ihr Spezialist f\u00fcr Wohnrauml\u00fcftungen in Ober\u00f6sterreich.","breadcrumb":{"@id":"https:\/\/aichinger-haustechnik.at\/index.php\/lueftung\/#breadcrumb"},"inLanguage":"de","potentialAction":[{"@type":"ReadAction","target":["https:\/\/aichinger-haustechnik.at\/index.php\/lueftung\/"]}]},{"@type":"ImageObject","inLanguage":"de","@id":"https:\/\/aichinger-haustechnik.at\/index.php\/lueftung\/#primaryimage","url":"https:\/\/aichinger-haustechnik.at\/wp-content\/uploads\/2020\/06\/recovair-1.jpg","contentUrl":"https:\/\/aichinger-haustechnik.at\/wp-content\/uploads\/2020\/06\/recovair-1.jpg","width":1140,"height":1345,"caption":"recoVAIR Wandger\u00e4t in der Wohnumgebung"},{"@type":"BreadcrumbList","@id":"https:\/\/aichinger-haustechnik.at\/index.php\/lueftung\/#breadcrumb","itemListElement":[{"@type":"ListItem","position":1,"name":"Home","item":"https:\/\/aichinger-haustechnik.at\/"},{"@type":"ListItem","position":2,"name":"Wohnrauml\u00fcftung"}]},{"@type":"WebSite","@id":"https:\/\/aichinger-haustechnik.at\/#website","url":"https:\/\/aichinger-haustechnik.at\/","name":"Aichinger Haustechnik","description":"Installateur Kopfing im Innkreis","potentialAction":[{"@type":"SearchAction","target":{"@type":"EntryPoint","urlTemplate":"https:\/\/aichinger-haustechnik.at\/?s={search_term_string}"},"query-input":{"@type":"PropertyValueSpecification","valueRequired":true,"valueName":"search_term_string"}}],"inLanguage":"de"}]}},"_links":{"self":[{"href":"https:\/\/aichinger-haustechnik.at\/index.php\/wp-json\/wp\/v2\/pages\/220","targetHints":{"allow":["GET"]}}],"collection":[{"href":"https:\/\/aichinger-haustechnik.at\/index.php\/wp-json\/wp\/v2\/pages"}],"about":[{"href":"https:\/\/aichinger-haustechnik.at\/index.php\/wp-json\/wp\/v2\/types\/page"}],"author":[{"embeddable":true,"href":"https:\/\/aichinger-haustechnik.at\/index.php\/wp-json\/wp\/v2\/users\/2"}],"replies":[{"embeddable":true,"href":"https:\/\/aichinger-haustechnik.at\/index.php\/wp-json\/wp\/v2\/comments?post=220"}],"version-history":[{"count":29,"href":"https:\/\/aichinger-haustechnik.at\/index.php\/wp-json\/wp\/v2\/pages\/220\/revisions"}],"predecessor-version":[{"id":1296,"href":"https:\/\/aichinger-haustechnik.at\/index.php\/wp-json\/wp\/v2\/pages\/220\/revisions\/1296"}],"wp:attachment":[{"href":"https:\/\/aichinger-haustechnik.at\/index.php\/wp-json\/wp\/v2\/media?parent=220"}],"curies":[{"name":"wp","href":"https:\/\/api.w.org\/{rel}","templated":true}]}}